is 33130204 + 403?
33131112
In base 4, what is 3031202113 - 102?
3031202011
In base 16, what is 311 - -bf6d?
c27e
In base 4, what is -3001 - -103301331?
103232330
In base 15, what is 95b2d6 - 2?
95b2d4
In base 10, what is 32094 - 107?
31987
In base 9, what is 2436554 + 5?
2436560
In base 3, what is 0 + -102211110122002100?
-102211110122002100
In base 11, what is -2 - -2a571096?
2a571094
In base 12, what is -106aa73 - 1?
-106aa74
In base 4, what is -1030 - 1110002220?
-1110003310
In base 3, what is 221121100 - 212212?
220201111
In base 3, what is 2011 + 1121000002002?
1121000011020
In base 5, what is 1002133404221 + 4?
1002133404230
In base 9, what is 0 + -25350876?
-25350876
In base 7, what is 1300050 - -3046?
1303126
In base 13, what is 1293a73 + -a3?
12939a0
In base 4, what is 22012023332202 + 2?
22012023332210
In base 7, what is -263420 + -1350?
-265100
In base 11, what is 828202 - 2?
828200
In base 9, what is 1712384 + 128?
1712523
In base 3, what is -12000021 - -110001222112?
102212222021
In base 12, what is 12239 - -29?
12266
In base 10, what is -191078 + 50?
-191028
In base 10, what is 244801172 - 2?
244801170
In base 9, what is -1 + 23311238?
23311237
In base 4, what is -2 + -13100112330331?
-13100112330333
In base 11, what is 784a0810 - -3?
784a0813
In base 15, what is 82 + 76b8?
774a
In base 6, what is 0 + 1230534352?
1230534352
In base 8, what is 25437205 + 2?
25437207
In base 3, what is 102121120111111 + 220?
102121120112101
In base 15, what is -2 + 1ad1453?
1ad1451
In base 11, what is 5012 - -5a05?
aa17
In base 12, what is -154a60b + -19?
-154a628
In base 10, what is 6973 + -126?
6847
In base 6, what is -5214231 - -122?
-5214105
In base 11, what is -3 - 710207?
-71020a
In base 9, what is -121878648 - 2?
-121878651
In base 13, what is 0 + 67056c2?
67056c2
In base 14, what is -215 - -12bc7c?
12ba67
In base 6, what is -42101 + -10041112?
-10123213
In base 8, what is -60635 + 5613?
-53022
In base 3, what is -12 + -2220020002020?
-2220020002102
In base 6, what is -35 - 30034514?
-30034553
In base 15, what is -b8e2 - -15?
-b8cc
In base 5, what is -134123 + -3012?
-142140
In base 5, what is 3332013222 - -11?
3332013233
In base 10, what is 227180 + -206?
226974
In base 7, what is 10 - -15210604?
15210614
In base 16, what is -4 + -e12bf5?
-e12bf9
In base 8, what is 1447324 - -3003?
1452327
In base 3, what is 1022002211101021 - 121?
1022002211100200
In base 7, what is -1344300 - 16?
-1344316
In base 15, what is -5 + -5b1624d?
-5b16253
In base 2, what is 1100101110101001110 - -111110?
1100101110110001100
In base 16, what is 4e + 1c5d7?
1c625
In base 15, what is 386 - -37c3?
3b59
In base 2, what is -1011011001001 - 1110100101?
-1101001101110
In base 13, what is 3717635 + -2a?
3717608
In base 3, what is -10210222010 + 1020101?
-10202201202
In base 9, what is 4 + -6386661?
-6386656
In base 2, what is 11110011 - 101000100111101110?
-101000100011111011
In base 14, what is b - 23a6?
-2399
In base 16, what is 1d311 + -42e?
1cee3
In base 11, what is 41199 - 491?
40808
In base 7, what is 2 + -12344065542?
-12344065540
In base 3, what is 1122 + -12212001200?
-12212000001
In base 3, what is 101020220 - -1222001?
110012221
In base 7, what is 4242164 - -5?
4242202
In base 16, what is 28d12 + -146a?
278a8
In base 14, what is 3a2ad63 + 2?
3a2ad65
In base 6, what is 21201444 - -4?
21201452
In base 11, what is 51745719 + 4?
51745722
In base 14, what is c3b85bd7 + 0?
c3b85bd7
In base 15, what is 17eb6d - e?
17eb5e
In base 13, what is -7b7 + 7a110?
79626
In base 8, what is 15263515 - -2?
15263517
In base 13, what is 5 - -3c233863?
3c233868
In base 14, what is -1a3671 + -6?
-1a3677
In base 16, what is 4af1657 + 5?
4af165c
In base 3, what is -10 + -20010110010021?
-20010110010101
In base 5, what is 3 - 10343420402?
-10343420344
In base 12, what is a88144 + -54?
a880b0
In base 11, what is 128495 - -133?
128618
In base 10, what is -206 + 38306?
38100
In base 13, what is 726386 + -2?
726384
In base 10, what is -1 - -13446094?
13446093
In base 13, what is 3137594 - 3?
3137591
In base 14, what is 39 - -1a5280?
1a52b9
In base 6, what is -3 - -1523030?
1523023
In base 16, what is -14420bbd - 5?
-14420bc2
In base 13, what is 1 + -32ca957?
-32ca956
In base 14, what is 555 + 56347?
5689c
In base 10, what is 5 + 3881552?
3881557
In base 11, what is 3 - 57aa04?
-57aa01
In base 13, what is 4 + -2310bc5?
-2310bc1
In base 6, what is 24124051111 + 1?
24124051112
In base 10, what is -11 - 4269912?
-4269923
In base 2, what is -1111000111 + -10111011100001011?
-10111101011010010
In base 6, what is -1133405313 - -32?
-1133405241
In base 3, what is 20220 + 1011100100?
1011121020
In base 9, what is -170450 + 831?
-168518
In base 3, what is -11 + -220001200202?
-220001200220
In base 9, what is 8 + -11417404?
-11417385
In base 7, what is 4 - 16621642?
-16621635
In base 3, what is -2020211221021121 + 1?
-2020211221021120
In base 5, what is 0 - 11321024103?
-11321024103
In base 14, what is 2 - 33d4d06?
-33d4d04
In base 14, what is 531 - -49d92?
4a4c3
In base 3, what is 12 + 110010102101211?
110010102102000
In base 7, what is -40006 - -10462?
-26214
In base 4, what is -23203 - -13030001?
13000132
In base 5, what is -111342 - 1222001?
-1333343
In base 16, what is -4 + 130d052c?
130d0528
In base 3, what is -211110 + 221101121?
220120011
In base 4, what is -32211023313 + -30?
-32211030003
In base 11, what is 5 - 2327413?
-2327409
In base 12, what is -13 + -1210a52?
-1210a65
In base 8, what is -4153 + -173637?
-200012
In base 8, what is 17 - 254565?
-254546
In base 16, what is a2168 - -2b?
a2193
In base 3, what is 1112211102 - -110200?
1120022002
In base 2, what is -101000100011100 - -11000001010?
-100101100010010
In base 5, what is 4 - 104432021044?
-104432021040
In base 10, what is -10 + 24810263?
24810253
In base 13, what is 37155 + 6b?
371c3
In base 9, what is 45683105 + 38?
45683144
In base 15, what is 13b - -4795?
48d1
In base 9, what is 7764 + 2636?
11511
In base 16, what is -aec79 - -5?
-aec74
In base 3, what is 111000 + 2022011010021?
2022011121021
In base 14, what is 3233b6 + 3b?
323413
In base 7, what is 1101500 + -23236?
1045231
In base 6, what is 222215 + 20310?
242525
In base 11, what is -87414 + 176?
-87249
In base 11, what is 6 - -724224?
72422a
In base 13, what is -7b477 + 28b?
-7b1b9
In base 6, what is -12241334 + 15?
-12241315
In base 5, what is -223123 - -1310?
-221313
In base 14, what is 9b630c + 33?
9b6341
In base 15, what is d29785 + 5?
d2978a
In base 5, what is 12012 + 22032?
34044
In base 13, what is -a77 + -75335?
-760ac
In base 8, what is -66 + 645331?
645243
In base 2, what is -1000110010010011 + 101011000?
-1000101100111011
In base 14, what is -32 - 50bbd?
-50c11
In base 3, what is -1112021002000 + 12?
-1112021001211
In base 13, what is 3067 - 832?
2535
In base 10, what is 52002 - -358?
52360
In base 4, what is 1021130001 - -100?
1021130101
In base 13, what is -173b35c + 3?
-173b359
In base 15, what is 125 + 2c87e?
2c9a4
In base 8, what is -4636763 + -3?
-4636766
In base 10, what is 182 + 3074871?
3075053
In base 15, what is -1 + -cb28a6?
-cb28a7
In base 10, what is 4 - -104415147?
104415151
In base 10, what is 915944 - 3?
915941
In base 16, what is -144fb65c - 5?
-144fb661
In base 14, what is 3 + -3a37a75?
-3a37a72
In base 15, what is 2ca7c + -890?
2c1dc
In base 3, what is -1021011200112201 - 1?
-1021011200112202
In base 2, what is 110000001000001001 + 11100011?
110000001011101100
In base 9, what is -68314 - 174?
-68488
In base 5, what is -1424113 - -33244?
-1340314
In base 12, what is 1298ab537 + 4?
1298ab53b
In base 2, what is -10010011101 - 1001111110001010100?
-1010000000011110001
In base 9, what is 1 - 14485616?
-14485615
In base 9, what is -646883502 + 1?
-646883501
In base 4, what is -20211002313021 + 11?
-20211002313010
In base 15, what is 1b85 + 54?
1bd9
In base 13, what is -17a12cc5 - -4?
-17a12cc1
In base 11, what is -37 + -989059?
-989095
In base 15, what is 6d38756 - 5?
6d38751
In base 11, what is 57 + -1388241?
-1388195
In base 6, what is 43020042 - 50?
43015552
In base 3, what is 12 - 1100022101100?
-1100022101011
In base 11, what is -887 + -4460?
-5237
In base 10, what is -168443 - -531?
-167912
In base 9, what is -1 + 6065120?
6065118
In bas